
5194725101
List the prime factors of 912242264.
2, 114030283
What are the prime factors of 544256189?
544256189
What are the prime factors of 53186524?
2, 131, 101501
List the prime factors of 3007788685.
5, 11, 54687067
What are the prime factors of 40938430?
2, 5, 13, 29, 10859
List the prime factors of 1685806446.
2, 3, 280967741
What are the prime factors of 1287878791?
1287878791
List the prime factors of 362863771.
9293, 39047
What are the prime factors of 49524918?
2, 3, 31, 149, 1787
List the prime factors of 52928449.
7, 7561207
What are the prime factors of 1398721100?
2, 5, 7, 19, 105167
What are the prime factors of 602851779?
3, 19, 853, 4133
List the prime factors of 3316263443.
89, 3359, 11093
List the prime factors of 38830896.
2, 3, 13, 20743
List the prime factors of 757906798.
2, 11, 34450309
List the prime factors of 161047180.
2, 5, 7, 41, 28057
What are the prime factors of 7727040263?
71, 3181, 34213
What are the prime factors of 272739112?
2, 34092389
List the prime factors of 384113523.
3, 61, 2098981
What are the prime factors of 216708977?
131, 1654267
List the prime factors of 5515741.
7, 11, 71633
What are the prime factors of 327985536?
2, 3, 854129
What are the prime factors of 3375154162?
2, 53, 31841077
What are the prime factors of 34911504?
2, 3, 242441
List the prime factors of 1262628719.
11, 839, 136811
List the prime factors of 3711325085.
5, 13, 59, 967751
List the prime factors of 124053298.
2, 6619, 9371
What are the prime factors of 610442065?
5, 122088413
What are the prime factors of 71874371?
43, 1671497
What are the prime factors of 41191772?
2, 19, 349, 1553
What are the prime factors of 2675516?
2, 668879
What are the prime factors of 4202212892?
2, 223, 4711001
What are the prime factors of 126391506?
2, 3, 103, 204517
What are the prime factors of 236413725?
3, 5, 499, 6317
What are the prime factors of 1680481774?
2, 307, 2736941
What are the prime factors of 35565734?
2, 17, 1046051
List the prime factors of 1206079957.
23, 52438259
List the prime factors of 29178247.
7, 421, 9901
List the prime factors of 507099108.
2, 3, 107, 3691
List the prime factors of 574139302.
2, 11, 19, 1373539
What are the prime factors of 49114075?
5, 31, 127, 499
List the prime factors of 129190350.
2, 3, 5, 229, 3761
List the prime factors of 270554634.
2, 3, 7, 715753
List the prime factors of 211904188.
2, 19, 2788213
What are the prime factors of 1510532675?
5, 60421307
What are the prime factors of 1864120283?
1864120283
What are the prime factors of 488990853?
3, 13, 37, 8689
List the prime factors of 1426684831.
11, 13, 41, 43, 5659
List the prime factors of 91868410.
2, 5, 37, 248293
What are the prime factors of 31199609?
7, 31, 61, 2357
What are the prime factors of 442375818?
2, 3, 73729303
What are the prime factors of 4270490407?
19, 2351, 95603
List the prime factors of 56860618.
2, 3041, 9349
What are the prime factors of 5059099607?
3793, 1333799
What are the prime factors of 1966459103?
7, 280922729
What are the prime factors of 86824822?
2, 7, 109, 56897
What are the prime factors of 36736375?
5, 13, 37, 47
What are the prime factors of 137126034?
2, 3, 846457
List the prime factors of 7374787356.
2, 3, 614565613
List the prime factors of 25940005.
5, 7, 13, 47, 1213
What are the prime factors of 62418226?
2, 13, 1481, 1621
List the prime factors of 57693100.
2, 5, 43, 13417
What are the prime factors of 215608860?
2, 3, 5, 1197827
List the prime factors of 5193886870.
2, 5, 519388687
What are the prime factors of 1113250149?
3, 11, 107, 11677
List the prime factors of 666225037.
269, 2476673
List the prime factors of 215521480.
2, 5, 79, 241, 283
List the prime factors of 1323379131.
3, 509, 866653
What are the prime factors of 366194059?
7, 11, 17, 279751
What are the prime factors of 5904934?
2, 7, 19, 79, 281
What are the prime factors of 45400496?
2, 47, 60373
List the prime factors of 43100116.
2, 37, 291217
List the prime factors of 3546157540.
2, 5, 43, 4123439
List the prime factors of 198407120.
2, 5, 19, 130531
List the prime factors of 24000341.
24000341
List the prime factors of 17523614.
2, 8761807
What are the prime factors of 397899110?
2, 5, 7, 17, 37, 1291
List the prime factors of 4220995411.
47, 89808413
List the prime factors of 27511559.
17, 1618327
What are the prime factors of 539109223?
47, 89, 359
List the prime factors of 4894930.
2, 5, 489493
List the prime factors of 2202675917.
13, 169436609
What are the prime factors of 4602826781?
7, 657546683
List the prime factors of 400505608.
2, 191, 262111
What are the prime factors of 609553475?
5, 23, 46091
List the prime factors of 523009986.
2, 3, 87168331
What are the prime factors of 329498387?
7057, 46691
What are the prime factors of 56879649?
3, 6319961
What are the prime factors of 447613485?
3, 5, 11, 17, 89, 163
List the prime factors of 10088843.
661, 15263
List the prime factors of 160738789.
23, 6988643
What are the prime factors of 4696806577?
19553, 240209
List the prime factors of 308843245.
5, 61768649
List the prime factors of 114380350.
2, 5, 7, 29, 59, 191
What are the prime factors of 1372927668?
2, 3, 7, 2334911
What are the prime factors of 2206851438?
2, 3, 11, 33437143
What are the prime factors of 84760365?
3, 5, 5650691
List the prime factors of 377953812.
2, 3, 53, 113, 1753
List the prime factors of 43905602.
2, 13, 1688677
What are the prime factors of 726790175?
5, 29071607
What are the prime factors of 5397305647?
271, 1291, 15427
List the prime factors of 1828293707.
1828293707
What are the prime factors of 2205075920?
2, 5, 27563449
List the prime factors of 1448067288.
2, 3, 31, 61, 31907
List the prime factors of 69365044.
2, 7, 47, 52709
What are the prime factors of 138956708?
2, 11, 17, 23, 41, 197
List the prime factors of 5741993834.
2, 131, 3881, 5647
List the prime factors of 219477886.
2, 109738943
List the prime factors of 78753702.
2, 3, 23, 31, 41, 449
List the prime factors of 3817300209.
3, 1272433403
What are the prime factors of 44622455?
5, 8924491
What are the prime factors of 102634485?
3, 5, 19, 37, 9733
List the prime factors of 221283180.
2, 3, 5, 1229351
What are the prime factors of 94266334?
2, 19, 2480693
List the prime factors of 4264337202.
2, 3, 710722867
What are the prime factors of 5873167?
29, 31, 47, 139
List the prime factors of 14443705.
5, 19, 152039
What are the prime factors of 8852681?
8852681
What are the prime factors of 68286466?
2, 34143233
List the prime factors of 72308751.
3, 24102917
What are the prime factors of 714329760?
2, 3, 5, 43, 53, 653
List the prime factors of 177485433.
3, 41, 1442971
What are the prime factors of 39376355?
5, 31, 254041
What are the prime factors of 15591783?
3, 61, 85201
List the prime factors of 11529987.
3, 7, 677, 811
What are the prime factors of 307989832?
2, 263, 146383
What are the prime factors of 953566112?
2, 1409, 21149
What are the prime factors of 458627679?
3, 50958631
What are the prime factors of 377222681?
11, 34292971
List the prime factors of 1581675696.
2, 3, 41, 267899
What are the prime factors of 173868453?
3, 11, 251, 6997
List the prime factors of 419167432.
2, 47, 1114807
List the prime factors of 155397697.
7, 13, 17, 7727
List the prime factors of 86629970.
2, 5, 7, 1237571
List the prime factors of 1924889628.
2, 3, 37, 4335337
List the prime factors of 14719916.
2, 31, 118709
What are the prime factors of 387613401?
3, 7, 18457781
What are the prime factors of 400972258?
2, 293, 617, 1109
List the prime factors of 71403269.
7, 911, 11197
What are the prime factors of 3508364912?
2, 13, 1409, 11971
List the prime factors of 753818742.
2, 3, 67, 625057
List the prime factors of 2268009794.
2, 37, 30648781
What are the prime factors of 40038683?
587, 68209
What are the prime factors of 70050191?
379, 184829
List the prime factors of 11470954.
2, 11, 17, 30671
List the prime factors of 806582541.
3, 3371, 79757
List the prime factors of 1623929902.
2, 7, 115994993
What are the prime factors of 527115232?
2, 7, 2353193
What are the prime factors of 2903209911?
3, 7, 15360899
What are the prime factors of 1384863211?
1384863211
List the prime factors of 12405132.
2, 3, 344587
List t